{"id":4220,"date":"2026-01-26T14:48:43","date_gmt":"2026-01-26T14:48:43","guid":{"rendered":"https:\/\/beta.schielicke-bau.de\/?page_id=4220"},"modified":"2026-02-12T09:22:31","modified_gmt":"2026-02-12T09:22:31","slug":"foerdermittel","status":"publish","type":"page","link":"https:\/\/www.schielicke-bau.de\/?page_id=4220","title":{"rendered":"F\u00f6rdermittel"},"content":{"rendered":"\t\t<div data-elementor-type=\"wp-page\" data-elementor-id=\"4220\" class=\"elementor elementor-4220\" data-elementor-post-type=\"page\">\n\t\t\t\t<div class=\"elementor-element elementor-element-2eac7ffb e-flex e-con-boxed e-con e-parent\" data-id=\"2eac7ffb\" data-element_type=\"container\" data-e-type=\"container\">\n\t\t\t\t\t<div class=\"e-con-inner\">\n\t\t<div class=\"elementor-element elementor-element-35a4ea19 e-con-full e-flex e-con e-child\" data-id=\"35a4ea19\" data-element_type=\"container\" data-e-type=\"container\">\n\t\t\t\t<div class=\"elementor-element elementor-element-2c7fb064 elementor-widget__width-initial elementor-widget elementor-widget-heading\" data-id=\"2c7fb064\" data-element_type=\"widget\" data-e-type=\"widget\" data-widget_type=\"heading.default\">\n\t\t\t\t<div class=\"elementor-widget-container\">\n\t\t\t\t\t<h1 class=\"elementor-heading-title elementor-size-default\"><h2 style=\"margin-bottom: 0px;padding-bottom: 10px;border-width: 0px;border-style: initial;font-size: 36px;vertical-align: baseline;background-image: initial;line-height: 1.2em;font-weight: 900;font-family: Heebo, sans-serif;letter-spacing: 1px\">Erstellung eines Soll-Konzepts zur umfassenden Digitalisierung von Gesch\u00e4ftsprozessen im Hoch- und Tiefbau<span style=\"background-color: initial;font-family: Poppins, sans-serif;font-size: 65px;letter-spacing: 0px\"><\/span><\/h2><\/h1>\t\t\t\t<\/div>\n\t\t\t\t<\/div>\n\t\t\t\t<div class=\"elementor-element elementor-element-40924ff9 elementor-widget elementor-widget-text-editor\" data-id=\"40924ff9\" data-element_type=\"widget\" data-e-type=\"widget\" data-widget_type=\"text-editor.default\">\n\t\t\t\t<div class=\"elementor-widget-container\">\n\t\t\t\t\t\t\t\t\t<p>Dieses Projekt wird aus Mitteln des Europ\u00e4ischen Fonds f\u00fcr regionale Entwikclung und des Landes Brandenburg gef\u00f6rdert.<\/p><p>Die Bauwirtschaft zeichnet sich sowohl im Hoch- als auch im Tiefbau durch komplexe Fertigungsprozesse aus. Zudem kommen unterschiedlichste Maschinen, Fahrzeuge und Technik zum Einsatz. Gleichzeitig sind Bauvorhaben mit rechtlichen Fragestellungen verbunden und binden gro\u00dfe finanzielle Ressourcen. Dies stellt hohe Anforderungen an Planung, Projektsteuerung und kaufm\u00e4nnisches Management eines Bauvorhabens.<\/p><p>Ziel des Vorhabens ist es, diese Prozesse zu digitalisieren und damit:<\/p><p>\u2013 den Bauablauf zu flexibilisieren und zu beschleunigen<\/p><p>\u2013 einzelne Planungs-, Produktions- und Verwaltungsprozesse zu automatisieren<\/p><p>\u2013 \u00a0die Leistungsdokumentation und -abrechnung qualitativ und quantitativ zu verbessern<\/p><p>\u2013 personelle und technische Ressourcen zu sparen und<\/p><p>\u2013 die Fehlerquote deutliche zu senken.<\/p><p>Im Rahmen von BIG-Dig.-Beratung wurdes das Soll-Konzept f\u00fcr diesen Digitalisierungsprozess in Form eines umfangreichen Projekts erfolgreich erarbeitet.<\/p><p>Unser Projekt ist EFRE gef\u00f6rdert<\/p>\t\t\t\t\t\t\t\t<\/div>\n\t\t\t\t<\/div>\n\t\t\t\t<\/div>\n\t\t<div class=\"elementor-element elementor-element-517d57c9 e-con-full e-flex e-con e-child\" data-id=\"517d57c9\" data-element_type=\"container\" data-e-type=\"container\" data-settings=\"{&quot;background_background&quot;:&quot;classic&quot;}\">\n\t\t\t\t<div class=\"elementor-element elementor-element-114efdd elementor-widget elementor-widget-image\" data-id=\"114efdd\" data-element_type=\"widget\" data-e-type=\"widget\" data-widget_type=\"image.default\">\n\t\t\t\t<div class=\"elementor-widget-container\">\n\t\t\t\t\t\t\t\t\t\t\t\t\t\t\t<img decoding=\"async\" src=\"https:\/\/beta.schielicke-bau.de\/wp-content\/uploads\/2026\/01\/Place-holder-about-4.jpg\" title=\"\" alt=\"\" loading=\"lazy\" \/>\t\t\t\t\t\t\t\t\t\t\t\t\t\t\t<\/div>\n\t\t\t\t<\/div>\n\t\t\t\t<\/div>\n\t\t\t\t\t<\/div>\n\t\t\t\t<\/div>\n\t\t<div class=\"elementor-element elementor-element-164f4a7 e-flex e-con-boxed e-con e-parent\" data-id=\"164f4a7\" data-element_type=\"container\" data-e-type=\"container\">\n\t\t\t\t\t<div class=\"e-con-inner\">\n\t\t<div class=\"elementor-element elementor-element-8945c1c e-con-full e-flex e-con e-child\" data-id=\"8945c1c\" data-element_type=\"container\" data-e-type=\"container\">\n\t\t\t\t<div class=\"elementor-element elementor-element-cf06e0a elementor-widget__width-initial elementor-widget elementor-widget-heading\" data-id=\"cf06e0a\" data-element_type=\"widget\" data-e-type=\"widget\" data-widget_type=\"heading.default\">\n\t\t\t\t<div class=\"elementor-widget-container\">\n\t\t\t\t\t<h1 class=\"elementor-heading-title elementor-size-default\"><h2 style=\"margin-bottom: 0px;padding-bottom: 10px;border-width: 0px;border-style: initial;font-size: 36px;vertical-align: baseline;background-image: initial;line-height: 1.2em;font-weight: 900;font-family: Heebo, sans-serif;letter-spacing: 1px\">Cross Innovation Netzwerk\u201eAVATAR2fly\u201c Indoor-Ballon-Drohnen f\u00fcr multiple Anwendungen<span style=\"background-color: initial;font-family: Poppins, sans-serif;font-size: 65px;letter-spacing: 0px\"><\/span><\/h2><\/h1>\t\t\t\t<\/div>\n\t\t\t\t<\/div>\n\t\t\t\t<div class=\"elementor-element elementor-element-b79ea7e elementor-widget elementor-widget-text-editor\" data-id=\"b79ea7e\" data-element_type=\"widget\" data-e-type=\"widget\" data-widget_type=\"text-editor.default\">\n\t\t\t\t<div class=\"elementor-widget-container\">\n\t\t\t\t\t\t\t\t\t<p>Das Projekt \u201eAVATAR2fly\u201c, wird im Rahmen der Richtlinie Digital And Creative Economy \u2013 Sachsen-Anhalt CROSS INNOVATION aus Mitteln des Europ\u00e4ischen Fonds f\u00fcr regionale Entwicklung finanziert.<\/p><p>Mit der Zuwendung wird das Ziel verfolgt, innovative Digitalisierungsprozesse in Unternehmen aller Branchen, die Entwicklung und die Produktion digital-kreativer Anwendungen, Produkte und Services von Unternehmen f\u00fcr den Markt sowie im Rahmen von branchen\u00fcbergreifenden Netzwerken die Entwicklung von innovativen Produkten und Dienstleistungen mit digitalen Komponenten im kreativwirtschaftlichen Bereich zu f\u00f6rdern und die Unternehmen in ihrer Wettbewerbsf\u00e4higkeit zu st\u00e4rken. Insbesondere dient die F\u00f6rderung der Entwicklung innovativer Produkte und Dienstleistungen mit digitalen Komponenten durch \u00fcberbetriebliche Kooperation von mehreren wirtschaftlich selbst\u00e4ndigen Unternehmen auf Grundlage von vertraglichen Vereinbarungen, die das Potential von IKT- und Kreativunternehmen nutzen.<\/p><p>\u00a0<\/p><p>Die Netzwerkinitiative \u201c Indoor-Ballon-Drohnen f\u00fcr multiple Anwendungen \u201c (kurz: AVATAR2fly) zielt auf die Entwicklung, Umsetzung und Vermarktung eines neuartigen und innovativen Produktes \u201eAVATAR\u201c \u2013 eines virtuellen Stellvertreters auf Basis einer selbst-schwebenden Robot-Drohne als aktuatorisches Pr\u00e4senzsystem f\u00fcr multiple Anwendungen \u2013 mit hoher Alleinstellung und der Positionierung und Er\u00f6ffnung neuer M\u00e4rkte \u2013 ab. Das angestrebte Produkt der Initiative ist dabei eine \u201eneuartige Indoor-Ballon-Drohne als Pr\u00e4senzsystem\u201c, die im Ergebnis der Netzwerkarbeit als Referenzprototyp \/ -produkt weiterentwickelt und umgesetzt werden soll. Der integrativen Entwicklung von Erfindern, der Kreativit\u00e4t der K\u00fcnstler, der Programmierer und der Designer, Ingenieur- und Steuerungstechniker kommen gerade bei dem angestrebten Produkt eine sehr hohe Bedeutung zu. Damit entstehen einzigartige \u201eBallon-Drohnen-Produkte\u201c, die sowohl national als auch international einzigartig sind.<\/p><p>Ebenfalls Bestandteil des Projektes, welches im Zeitraum vom\u00a0<strong>01.01.2025 bis 31.12.2026<\/strong>\u00a0realisiert wird, ist die Erarbeitung eines geeigneten Vermarktungskonzeptes f\u00fcr die im Netzwerk entstandenen Produkte und Dienstleistungen.<\/p>\t\t\t\t\t\t\t\t<\/div>\n\t\t\t\t<\/div>\n\t\t\t\t<\/div>\n\t\t<div class=\"elementor-element elementor-element-4f72a66 e-con-full e-flex e-con e-child\" data-id=\"4f72a66\" data-element_type=\"container\" data-e-type=\"container\" data-settings=\"{&quot;background_background&quot;:&quot;classic&quot;}\">\n\t\t<div class=\"elementor-element elementor-element-d670d18 e-grid e-con-full e-con e-child\" data-id=\"d670d18\" data-element_type=\"container\" data-e-type=\"container\">\n\t\t\t\t<div class=\"elementor-element elementor-element-17ecca6 elementor-widget elementor-widget-image\" data-id=\"17ecca6\" data-element_type=\"widget\" data-e-type=\"widget\" data-widget_type=\"image.default\">\n\t\t\t\t<div class=\"elementor-widget-container\">\n\t\t\t\t\t\t\t\t\t\t\t\t\t\t\t<img decoding=\"async\" src=\"https:\/\/www.schielicke-bau.de\/wp-content\/plugins\/elementor\/assets\/images\/placeholder.png\" title=\"\" alt=\"\" loading=\"lazy\" \/>\t\t\t\t\t\t\t\t\t\t\t\t\t\t\t<\/div>\n\t\t\t\t<\/div>\n\t\t\t\t<div class=\"elementor-element elementor-element-55bf6f7 elementor-widget elementor-widget-image\" data-id=\"55bf6f7\" data-element_type=\"widget\" data-e-type=\"widget\" data-widget_type=\"image.default\">\n\t\t\t\t<div class=\"elementor-widget-container\">\n\t\t\t\t\t\t\t\t\t\t\t\t\t\t\t<img decoding=\"async\" src=\"https:\/\/www.schielicke-bau.de\/wp-content\/plugins\/elementor\/assets\/images\/placeholder.png\" title=\"\" alt=\"\" loading=\"lazy\" \/>\t\t\t\t\t\t\t\t\t\t\t\t\t\t\t<\/div>\n\t\t\t\t<\/div>\n\t\t\t\t<div class=\"elementor-element elementor-element-324c899 elementor-widget elementor-widget-image\" data-id=\"324c899\" data-element_type=\"widget\" data-e-type=\"widget\" data-widget_type=\"image.default\">\n\t\t\t\t<div class=\"elementor-widget-container\">\n\t\t\t\t\t\t\t\t\t\t\t\t\t\t\t<img decoding=\"async\" src=\"https:\/\/www.schielicke-bau.de\/wp-content\/plugins\/elementor\/assets\/images\/placeholder.png\" title=\"\" alt=\"\" loading=\"lazy\" \/>\t\t\t\t\t\t\t\t\t\t\t\t\t\t\t<\/div>\n\t\t\t\t<\/div>\n\t\t\t\t<\/div>\n\t\t\t\t<\/div>\n\t\t\t\t\t<\/div>\n\t\t\t\t<\/div>\n\t\t\t\t<\/div>\n\t\t","protected":false},"excerpt":{"rendered":"<p>Erstellung eines Soll-Konzepts zur umfassenden Digitalisierung von Gesch\u00e4ftsprozessen im Hoch- und Tiefbau Dieses Projekt wird aus Mitteln des Europ\u00e4ischen Fonds f\u00fcr regionale Entwikclung und des Landes Brandenburg gef\u00f6rdert. Die Bauwirtschaft zeichnet sich sowohl im Hoch- als auch im Tiefbau durch komplexe Fertigungsprozesse aus. Zudem kommen unterschiedlichste Maschinen, Fahrzeuge und Technik zum Einsatz. Gleichzeitig sind Bauvorhaben [&hellip;]<\/p>\n","protected":false},"author":2,"featured_media":0,"parent":0,"menu_order":0,"comment_status":"closed","ping_status":"closed","template":"","meta":{"footnotes":""},"class_list":["post-4220","page","type-page","status-publish","hentry"],"featured_image_url":[],"post_author":"Linda Br\u00fcckelt","assigned_categories":"","_links":{"self":[{"href":"https:\/\/www.schielicke-bau.de\/index.php?rest_route=\/wp\/v2\/pages\/4220","targetHints":{"allow":["GET"]}}],"collection":[{"href":"https:\/\/www.schielicke-bau.de\/index.php?rest_route=\/wp\/v2\/pages"}],"about":[{"href":"https:\/\/www.schielicke-bau.de\/index.php?rest_route=\/wp\/v2\/types\/page"}],"author":[{"embeddable":true,"href":"https:\/\/www.schielicke-bau.de\/index.php?rest_route=\/wp\/v2\/users\/2"}],"replies":[{"embeddable":true,"href":"https:\/\/www.schielicke-bau.de\/index.php?rest_route=%2Fwp%2Fv2%2Fcomments&post=4220"}],"version-history":[{"count":22,"href":"https:\/\/www.schielicke-bau.de\/index.php?rest_route=\/wp\/v2\/pages\/4220\/revisions"}],"predecessor-version":[{"id":4482,"href":"https:\/\/www.schielicke-bau.de\/index.php?rest_route=\/wp\/v2\/pages\/4220\/revisions\/4482"}],"wp:attachment":[{"href":"https:\/\/www.schielicke-bau.de\/index.php?rest_route=%2Fwp%2Fv2%2Fmedia&parent=4220"}],"curies":[{"name":"wp","href":"https:\/\/api.w.org\/{rel}","templated":true}]}}